by 139.
8
Calculate the remainder when 435528 is divided by 97.
95
What is the remainder when 316760 is divided by 17?
16
What is the remainder when 787913 is divided by 17?
14
Calculate the remainder when 14717 is divided by 128.
125
What is the remainder when 8685 is divided by 769?
226
Calculate the remainder when 10273 is divided by 63.
4
Calculate the remainder when 155869 is divided by 9.
7
Calculate the remainder when 184407 is divided by 5.
2
What is the remainder when 14657 is divided by 145?
12
Calculate the remainder when 150791 is divided by 8.
7
What is the remainder when 19737 is divided by 403?
393
What is the remainder when 2384 is divided by 594?
8
Calculate the remainder when 438 is divided by 200.
38
Calculate the remainder when 3638 is divided by 908.
6
What is the remainder when 300446 is divided by 150220?
6
What is the remainder when 970075 is divided by 1128?
1123
Calculate the remainder when 5072 is divided by 181.
4
Calculate the remainder when 1338 is divided by 83.
10
What is the remainder when 54184 is divided by 249?
151
Calculate the remainder when 483 is divided by 2.
1
Calculate the remainder when 443919 is divided by 24.
15
What is the remainder when 8485 is divided by 23?
21
What is the remainder when 71658 is divided by 71591?
67
Calculate the remainder when 197 is divided by 146.
51
What is the remainder when 701 is divided by 80?
61
What is the remainder when 4371 is divided by 29?
21
Calculate the remainder when 34434 is divided by 70.
64
Calculate the remainder when 23799 is divided by 206.
109
What is the remainder when 12988 is divided by 9?
1
Calculate the remainder when 16298 is divided by 163.
161
Calculate the remainder when 369 is divided by 23.
1
Calculate the remainder when 22414 is divided by 244.
210
Calculate the remainder when 10470 is divided by 475.
20
What is the remainder when 1177 is divided by 103?
44
Calculate the remainder when 370 is divided by 335.
35
What is the remainder when 907 is divided by 246?
169
Calculate the remainder when 6019 is divided by 40.
19
Calculate the remainder when 205138 is divided by 526.
524
What is the remainder when 1972 is divided by 1939?
33
Calculate the remainder when 19769 is divided by 139.
31
Calculate the remainder when 17319 is divided by 8563.
193
What is the remainder when 163938 is divided by 1975?
13
What is the remainder when 28229 is divided by 17?
9
What is the remainder when 5567 is divided by 175?
142
Calculate the remainder when 939 is divided by 302.
33
Calculate the remainder when 2114 is divided by 357.
329
What is the remainder when 2105 is divided by 596?
317
What is the remainder when 9000 is divided by 2240?
40
What is the remainder when 52069 is divided by 685?
9
Calculate the remainder when 35201 is divided by 11728.
17
What is the remainder when 48502 is divided by 16165?
7
Calculate the remainder when 5015 is divided by 1671.
2
Calculate the remainder when 192149 is divided by 630.
629
Calculate the remainder when 808545 is divided by 73.
70
Calculate the remainder when 186218 is divided by 121.
120
Calculate the remainder when 66124 is divided by 16531.
0
Calculate the remainder when 4052 is divided by 22.
4
Calculate the remainder when 146552 is divided by 94.
6
Calculate the remainder when 6915 is divided by 19.
18
What is the remainder when 13855 is divided by 2728?
215
What is the remainder when 35592 is divided by 574?
4
What is the remainder when 124159 is divided by 41385?
4
Calculate the remainder when 228783 is divided by 835.
828
What is the remainder when 31287 is divided by 2699?
1598
What is the remainder when 509 is divided by 93?
44
Calculate the remainder when 4440 is divided by 634.
2
What is the remainder when 283687 is divided by 3886?
9
What is the remainder when 8216 is divided by 411?
407
What is the remainder when 421573 is divided by 1266?
1261
What is the remainder when 2460 is divided by 2453?
7
What is the remainder when 7429 is divided by 63?
58
What is the remainder when 802229 is divided by 15?
14
Calculate the remainder when 514079 is divided by 30.
29
Calculate the remainder when 8451 is divided by 978.
627
What is the remainder when 1504 is divided by 317?
236
Calculate the remainder when 204 is divided by 138.
66
Calculate the remainder when 259423 is divided by 15.
13
Calculate the remainder when 102091 is divided by 61.
38
What is the remainder when 8633 is divided by 539?
9
What is the remainder when 23241 is divided by 3317?
22
Calculate the remainder when 10014 is divided by 2000.
14
Calculate the remainder when 2285 is divided by 449.
40
What is the remainder when 81 is divided by 9?
0
What is the remainder when 4201 is divided by 211?
192
What is the remainder when 6139 is divided by 5721?
418
Calculate the remainder when 16656 is divided by 308.
24
Calculate the remainder when 15057 is divided by 61.
51
Calculate the remainder when 9239 is divided by 4.
3
What is the remainder when 122 is divided by 29?
6
What is the remainder when 1046 is divided by 83?
50
Calculate the remainder when 1133576 is divided by 153.
152
What is the remainder when 629 is divided by 414?
215
What is the remainder when 73201 is divided by 24346?
163
What is the remainder when 41848 is divided by 41828?
20
Calculate the remainder when 8090 is divided by 287.
54
What is the remainder when 10762 is divided by 2451?
958
Calculate the remainder when 1845 is divided by 21.
18
What is the remainder when 676895 is divided by 22?
21
Calculate the remainder when 3829 is divided by 516.
217
Calculate the remainder when 1870 is divided by 518.
316
What is the remainder when 5720 is divided by 1365?
260
Calculate the remainder when 2562 is divided by 42.
0
What is the remainder when 6007 is divided by 433?
378
Calculate the remainder when 10657 is divided by 29.
14
What is the remainder when 76931 is divided by 23?
19
Calculate the remainder when 54583 is divided by 28.
11
Calculate the remainder when 3447 is divided by 317.
277
Calculate the remainder when 990 is divided by 858.
132
What is the remainder when 4735 is divided by 268?
179
Calculate the remainder when 6623 is divided by 3145.
333
What is the remainder when 476661 is divided by 45?
21
What is the remainder when 41762 is divided by 131?
104
What is the remainder when 80018 is divided by 920?
898
Calculate the remainder when 2973 is divided by 197.
18
Calculate the remainder when 710850 is divided by 1354.
0
Calculate the remainder when 127729 is divided by 23.
10
Calculate the remainder when 762127 is divided by 23.
22
What is the remainder when 53698 is divided by 92?
62
What is the remainder when 10488 is divided by 4755?
978
What is the remainder when 31164 is divided by 5192?
12
Calculate the remainder when 12991 is divided by 5930.
1131
Calculate the remainder when 18995 is divided by 864.
851
What is the remainder when 2824 is divided by 1343?
138
What is the remainder when 296448 is divided by 385?
383
What is the remainder when 49288 is divided by 9?
4
What is the remainder when 1697 is divided by 469?
290
Calculate the remainder when 189275 is divided by 717.
704
What is the remainder when 58668 is divided by 72?
60
What is the remainder when 1370467 is divided by 381?
10
What is the remainder when 360582 is divided by 120188?
18
Calculate the remainder when 220097 is divided by 50.
47
What is the remainder when 18101 is divided by 292?
289
Calculate the remainder when 785311 is divided by 314.
311
Calculate the remainder when 8176 is divided by 7204.
972
Calculate the remainder when 2458 is divided by 152.
26
What is the remainder when 8171 is divided by 558?
359
Calculate the remainder when 3937 is divided by 504.
409
What is the remainder when 21362 is divided by 40?
2
What is the remainder when 1090526 is divided by 4?
2
What is the remainder when 12429 is divided by 2479?
34
Calculate the remainder when 22273 is divided by 1856.
1
What is the remainder when 49847 is divided by 38?
29
What is the remainder when 538329 is divided by 1709?
1703
Calculate the remainder when 178288 is divided by 1731.
1726
What is the remainder when 2079 is divided by 33?
0
Calculate the remainder when 505595 is divided by 78.
77
What is the remainder when 469